1110 (base 2) to base 15
75
Convert -124 (base 5) to base 12.
-33
18 (base 12) to base 13
17
Convert -3 (base 12) to base 15.
-3
Convert -117 (base 13) to base 5.
-1224
What is 63 (base 8) in base 16?
33
Convert 17 (base 10) to base 8.
21
Convert 44 (base 7) to base 14.
24
8 (base 9) to base 11
8
What is -19 (base 13) in base 6?
-34
Convert 2 (base 13) to base 7.
2
Convert 22 (base 16) to base 10.
34
15 (base 16) to base 2
10101
What is -101 (base 5) in base 7?
-35
110 (base 5) to base 3
1010
-80 (base 12) to base 10
-96
What is 2020 (base 3) in base 10?
60
-56 (base 9) to base 3
-1220
What is -2132 (base 4) in base 3?
-12212
89 (base 14) to base 2
1111001
What is -7 (base 8) in base 7?
-10
Convert -5 (base 13) to base 14.
-5
What is -22 (base 3) in base 7?
-11
Convert -13 (base 7) to base 5.
-20
Convert -8 (base 14) to base 2.
-1000
Convert 101010 (base 2) to base 4.
222
-28 (base 13) to base 8
-42
231 (base 5) to base 6
150
-1020 (base 6) to base 10
-228
130 (base 8) to base 13
6a
What is -8 (base 16) in base 3?
-22
30 (base 4) to base 16
c
Convert -1 (base 11) to base 12.
-1
What is -11 (base 9) in base 11?
-a
What is -61 (base 9) in base 13?
-43
Convert -19 (base 14) to base 3.
-212
0 (base 15) to base 16
0
What is 100 (base 7) in base 13?
3a
Convert 12 (base 6) to base 12.
8
What is 46 (base 7) in base 10?
34
ed (base 16) to base 15
10c
Convert -103 (base 8) to base 2.
-1000011
What is 3 (base 6) in base 7?
3
Convert -1 (base 9) to base 10.
-1
What is -221 (base 5) in base 11?
-56
-2130 (base 4) to base 3
-12210
What is -292 (base 10) in base 6?
-1204
2 (base 16) to base 12
2
Convert -3 (base 15) to base 16.
-3
Convert -142 (base 5) to base 14.
-35
Convert 23 (base 4) to base 8.
13
What is -2 (base 4) in base 15?
-2
75 (base 13) to base 4
1200
What is 251 (base 6) in base 4?
1213
11 (base 5) to base 13
6
What is -7 (base 14) in base 13?
-7
-6 (base 16) to base 6
-10
What is 22 (base 10) in base 16?
16
-c7 (base 13) to base 15
-ad
Convert 1b4 (base 13) to base 14.
188
What is -233 (base 8) in base 7?
-311
Convert -2 (base 14) to base 8.
-2
What is -1c (base 14) in base 12?
-22
Convert 2 (base 6) to base 13.
2
-6 (base 9) to base 4
-12
What is -17 (base 8) in base 5?
-30
What is -67 (base 11) in base 15?
-4d
Convert -7a (base 11) to base 7.
-153
What is 5 (base 11) in base 12?
5
Convert -102 (base 3) to base 13.
-b
Convert -320 (base 4) to base 10.
-56
What is 7b (base 14) in base 11?
9a
Convert -111 (base 2) to base 3.
-21
-12 (base 12) to base 11
-13
0 (base 14) to base 9
0
1011 (base 2) to base 15
b
What is -1222 (base 4) in base 3?
-10221
-26 (base 11) to base 6
-44
What is 22 (base 3) in base 9?
8
Convert -10 (base 13) to base 11.
-12
-1 (base 11) to base 13
-1
Convert 45 (base 6) to base 15.
1e
What is b (base 16) in base 9?
12
Convert 43 (base 5) to base 8.
27
Convert -24 (base 5) to base 9.
-15
3 (base 4) to base 5
3
What is a (base 14) in base 13?
a
Convert -6 (base 16) to base 7.
-6
-1 (base 5) to base 13
-1
Convert 111 (base 2) to base 13.
7
-51 (base 9) to base 5
-141
Convert 4 (base 14) to base 10.
4
What is 2122 (base 4) in base 3?
12201
What is 107 (base 13) in base 6?
452
Convert a9 (base 13) to base 9.
164
What is 251 (base 12) in base 14?
1ad
22 (base 11) to base 6
40
-d (base 14) to base 7
-16
Convert -10 (base 2) to base 16.
-2
What is -4 (base 6) in base 4?
-10
1b (base 14) to base 12
21
Convert -2 (base 3) to base 8.
-2
What is -c (base 14) in base 6?
-20
What is 0 (base 15) in base 4?
0
Convert -3 (base 4) to base 16.
-3
1 (base 5) to base 8
1
Convert 2 (base 3) to base 7.
2
What is 12 (base 3) in base 7?
5
What is 10020 (base 3) in base 14?
63
What is -1344 (base 5) in base 13?
-143
What is 51 (base 8) in base 5?
131
-21 (base 3) to base 6
-11
-23 (base 4) to base 2
-1011
8 (base 14) to base 4
20
Convert -20 (base 4) to base 8.
-10
Convert -2 (base 4) to base 3.
-2
166 (base 8) to base 5
433
Convert 13 (base 15) to base 12.
16
a (base 15) to base 8
12
Convert -1 (base 6) to base 15.
-1
What is 0 (base 10) in base 8?
0
11111010 (base 2) to base 14
13c
What is -20 (base 8) in base 11?
-15
21 (base 5) to base 16
b
What is 1 (base 12) in base 2?
1
6 (base 13) to base 5
11
-15 (base 11) to base 14
-12
What is 32 (base 5) in base 13?
14
Convert -68 (base 11) to base 4.
-1022
What is 14 (base 14) in base 8?
22
What is -122 (base 13) in base 10?
-197
-1120 (base 6) to base 9
-323
What is -1 (base 10) in base 16?
-1
What is -13 (base 4) in base 9?
-7
Convert -20 (base 4) to base 13.
-8
4 (base 12) to base 10
4
Convert b (base 15) to base 8.
13
Convert 0 (base 9) to base 6.
0
Convert 4 (base 16) to base 8.
4
1 (base 8) to base 9
1
What is 1 (base 12) in base 3?
1
What is -72 (base 8) in base 3?
-2011
-29 (base 10) to base 3
-1002
What is 110 (base 2) in base 7?
6
Convert 0 (base 4) to base 10.
0
What is -24 (base 9) in base 14?
-18
-130 (base 7) to base 11
-64
Convert 124 (base 5) to base 4.
213
What is 3 (base 4) in base 2?
11
-11 (base 10) to base 8
-13
What is 6 (base 11) in base 12?
6
Convert 1 (base 3) to base 4.
1
What is -31 (base 5) in base 15?
-11
What is 1 (base 2) in base 3?
1
What is 2c (base 15) in base 11?
39
What is -18 (base 14) in base 5?
-42
-12 (base 14) to base 3
-121
-1000111 (base 2) to base 6
-155
What is 5 (base 16) in base 14?
5
Convert 12 (base 9) to base 15.
b
-6 (base 10) to base 16
-6
What is -26 (base 7) in base 11?
-19
3 (base 14) to base 9
3
Convert 10 (base 12) to base 9.
13
What is -44 (base 10) in base 9?
-48
-10 (base 9) to base 8
-11
What is -80 (base 12) in base 4?
-1200
What is 1 (base 10) in base 13?
1
-8 (base 11) to base 12
-8
-3 (base 10) to base 16
-3
Convert 22 (base 3) to base 16.
8
What is 2 (base 4) in base 2?
10
-1 (base 8) to base 11
-1
0 (base 4) to base 10
0
Convert 20 (base 13) to base 8.
32
Convert -33 (base 13) to base 16.
-2a
1b1 (base 14) to base 4
11133
What is 34 (base 13) in base 8?
53
-9 (base 14) to base 15
-9
31 (base 7) to base 13
19
2 (base 4) to base 9
2
What is 1b (base 13) in base 15?
19
-36 (base 8) to base 15
-20
What is -16 (base 12) in base 3?
-200
-3 (base 7) to base 2
-11
What is -1 (base 15) in base 6?
-1
-341 (base 5) to base 11
-88
-2120 (base 3) to base 4
-1011
-2 (base 9) to base 2
-10
36 (base 8) to base 13
24
4 (base 6) to base 16
4
What is -9 (base 10) in base 9?
-10
124 (base 7) to base 8
103
What is 3a (base 13) in base 5?
144
What is -2 (base 10) in base 8?
-2
Convert 1231 (base 4) to base 11.
9a
Convert 22 (base 3) to base 8.
10
What is 1 (base 9) in base 3?
1
What is 47 (base 10) in base 7?
65
6 (base 8) to base 2
110
Convert 1 (base 7) to base 12.
1
Convert -16 (base 14) to base 3.
-202
Convert -11 (base 7) to base 4.
-20
Convert -3 (base 11) to base 5.
-3
What is -3 (base 9) in base 12?
-3
Convert -72 (base 9) to base 6.
-145
Convert -11 (base 2) to base 4.
-3
-1 (base 15) to base 2
-1
What is -10 (base 5) in base 16?
-5
What is 1 (base 15) in base 10?
1
-1 (base 12) to base 8
-1
12 (base 8) to base 3
101
-1503 (base 6) to base 2
-110001111
Convert -4 (base 16) to base 7.
-4
Convert 164 (base 8) to base 15.
7b
1c (base 15) to base 11
25
-8 (base 12) to base 4
-20
-3 (base 14) to base 13
-3
Convert -1c (base 15) to base 9.
-30
Convert -10 (base 9) to base 13.
-9
11 (base 4) to base 11
5
What is -46 (base 7) in base 13?
-28
What is -212 (base 6) in base 15?
-55
Convert 135 (base 6) to base 3.
2012
Convert -1100001 (base 2) to base 11.
-89
2013 (base 4) to base 2
10000111
What is -a (base 15) in base 14?
-a
Convert 5 (base 9) to base 14.
5
What is -5 (base 13) in base 15?
-5
What is -2 (base 3) in base 15?
-2
What is 4 (base 6) in base 9?
4
3 (base 13) to base 6
3
What is -30 (base 4) in base 9?
-13
What is 100 (base 4) in base 16?
10
What is 60 (base 8) in base 11?
44
-50 (base 10) to base 4
-302
5 (base 12) to base 9
5
2c (base 15) to base 11
39
What is -4 (base 14) in base 16?
-4
Convert -10011011 (base 2) to base 15.
-a5
-4 (base 9) to base 15
-4
What is -43 (base 5) in base 12?
-1b
49 (base 10) to base 8
61
0 (base 12) to base 5
0
Convert -6 (base 14) to base 4.
-12
What is 30 (base 10) in base 4?
132
Convert 139 (base 11) to base 13.
c7
-14 (base 7) to base 13
-b
Convert -330 (base 9) to base 16.
-10e
What is 2 (base 15) in base 12